Suppose 7*y + 726 = 5941. What are the prime factors of y?
5, 149
Let r(b) = b**3 - b**2 + 3. Let m be r(0). Suppose 3*a - 150 = -m*l, -l + 44 = a + 2*a. List the prime factors of l.
53
Let l = 404 + -91. What are the prime factors of l?
313
Let k be (-4)/(4/(-5)) + 4. Suppose -4*w - 125 = -k*w. List the prime factors of w.
5
Let t(n) = -24*n**2 + 27*n**2 - 3*n - 2 + 3*n. What are the prime factors of t(5)?
73
Suppose 3*b + 710 = 5*b. Suppose 5*u = -3*d + b, -3*d - 3*u + 160 = -191. What are the prime factors of d?
5, 23
Suppose -4*k + 215 = q, -q = -6*q - 5*k + 1060. What are the prime factors of q?
211
Suppose -n - 47 = -5*m - 4*n, 4*n = 5*m - 19. Suppose 2*c - l = 0, m*l - 2*l - 20 = 0. Let z(v) = 10*v**2 - v - 4. List the prime factors of z(c).
2, 17
Let d(b) = 942*b - 176. What are the prime factors of d(4)?
2, 449
Let h = 5 - 1. Let p be (h - -1)*(-44)/10. List the prime factors of p/(-33) + 79/3.
3
Let x(h) = -24*h - 2. Let r be x(-4). Suppose 2*u - 4*u + r = 0. List the prime factors of u.
47
Suppose h = -d - 0*d + 3379, 2*h = 3*d + 6773. List the prime factors of h.
2, 19, 89
Let a(p) = -4 + 3*p**3 - 10*p**2 + 4*p**2 - 4*p**3 - p. Let d be a(-6). Suppose d*f + 2*f - 8 = 0. What are the prime factors of f?
2
Let y(q) be the third derivative of -5*q**4/12 + 3*q**3/2 + 20*q**2. What are the prime factors of y(-17)?
179
What are the prime factors of 30/(-105) - (-331)/7?
47
Let m(w) = -17*w**2 - w - 3. Suppose -2*o - 6 = o. Let u be m(o). Let i = 131 + u. What are the prime factors of i?
2, 31
Let h(o) = o**2 - 13. Let b be h(-4). Let u(a) = 2*a**3 + 2*a**2 + 5*a + 2. List the prime factors of u(b).
89
Let r(c) = 18*c**2 - 14*c - 3. What are the prime factors of r(5)?
13, 29
Suppose 38*g + 522 = 44*g. What are the prime factors of g?
3, 29
Suppose 2*f - 28 = 3*s + 52, f + 92 = -4*s. Let v = s - -25. List the prime factors of 32 - (0 + 2)*v.
2, 3, 5
Let z be (-3)/(1*(-3)/4). Suppose -2*b - b = z*l - 203, 4*l - 221 = 3*b. What are the prime factors of l?
53
Let t(m) = 30 + 13*m - 8*m - 9*m. List the prime factors of t(7).
2
Suppose 0 = 2*c + 20 + 12. Suppose 0*w - 5*w + 60 = 0. Let m = w - c. List the prime factors of m.
2, 7
Suppose v - 86 = -4*a, 0*v - 3*v + 27 = a. Suppose -4*u - a + 121 = 0. List the prime factors of u.
5
Suppose 4*w - 2*z + z - 2297 = 0, -1694 = -3*w - 5*z. What are the prime factors of w?
3, 191
Suppose -2*m + 0*m = -272. Suppose -3*v + 80 = 2*i, 2*v - 7*v = 2*i - m. What are the prime factors of v?
2, 7
Let n be (-210)/9*3*1. Let a = n + 117. Suppose 0*i - 2*k + a = 3*i, -2*i + 30 = 2*k. What are the prime factors of i?
17
Suppose -9*w - 5 - 4 = 0. Let n be (-3 + w)/((-18)/225). Suppose -t = t - n. What are the prime factors of t?
5
Let k be (6 + -1)*8/10. Suppose 0 = -k*y + 8*y - 380. Suppose 0*q + y = 5*q. List the prime factors of q.
19
Let j(z) = -z**2 - 17*z + 111. List the prime factors of j(-21).
3
Let c(k) = 5*k - 25. Let i be c(6). Suppose 5*y + 4*x = 332 + 33, 5*y + i*x = 365. What are the prime factors of y?
73
Let o(j) = -241*j - 66. List the prime factors of o(-3).
3, 73
Let n(t) = 7*t - 14. Let y be 5/15 + 7/(-3). Let z be (1 + 17)*y/(-6). What are the prime factors of n(z)?
2, 7
Let b = -1 - -6. Suppose -3*q + b*q = 10. Suppose -17 + 87 = q*n. What are the prime factors of n?
2, 7
Let u be (3/6 - 0) + (-172)/(-8). Let o = 101 - u. What are the prime factors of o?
79
Suppose 0 = -3*q - 2*h + 12 + 1, -3*h = -5*q + 9. Let l(p) = -2 + 11*p**2 + 4*p + 2*p**3 - 3*p**2 - p**q + 1. What are the prime factors of l(-7)?
2, 5
Let s(o) = o**3 + 6*o**2 - 6*o - 2. Suppose 0 = 4*k + 3*k + 35. What are the prime factors of s(k)?
53
Let n = 1 + 3. Suppose 8*g - 276 = n*g. Suppose g = 3*i - 30. What are the prime factors of i?
3, 11
Suppose -3*s = 134 - 35. Let l = 93 + s. Suppose -h = -2*h + l. What are the prime factors of h?
2, 3, 5
Suppose 2*y - y = 2*a + 4, -a = 0. Suppose -5*o - 3*q + 237 = -o, -4*o - y*q = -240. List the prime factors of o.
3, 19
List the prime factors of 6/14 + (-71578)/(-91).
787
Suppose 13*c = c - 360. List the prime factors of (-6835)/c - (-1)/6.
2, 3, 19
Let j be 3/12 + 26/(-8). Let c be 2 + 32/(j + 7). Let y = c + -1. List the prime factors of y.
3
Let k = 5 - 11. Let y be (1 + -2)*k/1. What are the prime factors of (70/(-30))/((-1)/y)?
2, 7
Suppose 3*z + 72 = 852. What are the prime factors of z?
2, 5, 13
Suppose 5*r + 4*z = 338, -5*z + 21 = r - 55. Suppose -300 = -4*c + 3*q, 0*c - r = -c + 3*q. What are the prime factors of c?
2, 3, 13
Let f(t) = -10*t + 178. What are the prime factors of f(6)?
2, 59
Suppose -32*f = -24*f - 384. What are the prime factors of ((10/(-3))/(-1))/(f/1944)?
3, 5
Let g(t) = -t**3 + 10*t**2 + 7*t + 6. Let d be g(7). Let k = d + -134. Suppose k = 9*z - 7*z. List the prime factors of z.
2, 17
Let b = 3 - -2. Suppose -6*c + 20 = -b*c. Let o = 8 + c. What are the prime factors of o?
2, 7
Suppose 4*d = 0, 0 = -4*p + 5*d - 3 - 1. Let h be 11 - 0 - 1/p. Let b = 10 + h. What are the prime factors of b?
2, 11
Suppose 3*c = -106*s + 105*s + 4114, 5486 = 4*c + s. List the prime factors of c.
2, 7
Let t = -1802 + 3922. What are the prime factors of t?
2, 5, 53
Suppose 13*c - 240 = 8*c. Suppose 4*w = -0*w + c. Suppose 2*v + v - w = 0. List the prime factors of v.
2
Suppose -4*j + 12 = 0, -s + j + 388 = -j. What are the prime factors of s?
2, 197
Suppose 6*j = -8*j + 18956. List the prime factors of j.
2, 677
Suppose -4*a = o - 42, -4*o + 7*o + 3*a = 171. What are the prime factors of o?
2, 31
Suppose 8*x - 2838 = 4938. List the prime factors of x.
2, 3
What are the prime factors of 5553/27*72/4?
2, 3, 617
Let l = 7 + -6. What are the prime factors of (5 - (l + 6))/((-2)/37)?
37
What are the prime factors of ((-66)/4)/((-105)/12390)?
3, 11, 59
Let b = -8 - -11. Let x(o) = 6*o - 4 - 6*o**2 + 5 - b*o + o**3. What are the prime factors of x(6)?
19
Let v = 12 - 9. Let s be v/2*20/(-15). List the prime factors of 52/2 + (s - -3).
3
Let w = -3265 + 4873. List the prime factors of w.
2, 3, 67
Suppose 82317 = 24*m - 29307. What are the prime factors of m?
4651
Suppose 0*c = 2*c - 258. Let t = c - 82. What are the prime factors of t?
47
Suppose -10 = -2*c + c - 5*a, 0 = -5*c - 5*a + 30. Suppose c*g - 227 = 2*l + 132, l = 3. List the prime factors of g.
73
Let b be (-2)/14 + 55/(-7). What are the prime factors of 9*28*b/(-12)?
2, 3, 7
Suppose 0 = -4*a + 54 + 22. Let m = a + -14. Suppose -m*p = -3*i + 28, 3*i + 4 = 2*i - 5*p. List the prime factors of i.
2, 3
Let m = 9 + -6. Suppose -5*y = m*f - 112, -20 = 4*y + 5*f - 120. What are the prime factors of y?
2, 5
Suppose 8 = 3*c - 7*c. What are the prime factors of ((-20)/25)/(c/40)?
2
Let v(i) = 4*i**3 - i**2 + 5*i - 6. Let n be v(3). Suppose 3*l + n = 5*l. What are the prime factors of l?
2, 3
Let t be (-3 - -13)*3/(-2). Let z = t - -17. Suppose 2*w + 17 = z*i - w, 26 = 3*i - 4*w. What are the prime factors of i?
2, 5
Suppose -15 = 5*h, k + 4*h - h = 25. Suppose 0 = -5*j - 15 - 40. Let t = k + j. What are the prime factors of t?
23
Suppose 0 = 3*h - 4*h + 1. Let l be h*-12*13/(-26). List the prime factors of -2*l/(-4) - -44.
47
Let u(y) = y**3 - 2*y**2 - 5*y - 2. Suppose -2*r - 3 = -9, -2*r - 14 = a. Let i be (-24)/a*(-30)/(-9). What are the prime factors of u(i)?
2, 5
Let l = -7 - 3. Let r(a) = a**2 + 11*a + 8. Let f be r(l). List the prime factors of 2/f - (-1 + -10).
2, 5
Let w = 49 - 92. Let i = -26 - w. Suppose -21*s + i*s + 28 = 0. What are the prime factors of s?
7
Suppose -10*a = -12*a + 1504. What are the prime factors of a?
2, 47
List the prime factors of 4/((-24)/(-78))*27.
3, 13
Let l = -1504 - -5228. What are the prime factors of l?
2, 7, 19
Let i be (-2)/10*(-210)/14. Suppose 3 = -w + 4*w, 0 = i*a + w - 496. List the prime factors of a.
3, 5, 11
Suppose -10189 + 2097 = -17*p. List the prime factors of p.
2, 7, 17
Let m(h) = -4*h**3 + 34*h**2 - 57*h - 58. Let q(v) = -v**3 + 11*v**2 - 19*v - 19. Let f(l) = -2*m(l) + 7*q(l). What are the prime factors of f(-8)?
199
Suppose -32976 + 3447 = -17*n. List the prime factors of n.
3, 193
What are the prime factors of -93*((-4)/(-3))/((-24)/732)?
2, 31, 61
Let q = 28 + -16. Let j be ((-36)/8)/((-9)/(-12)). What are the prime factors of (-20)/j + 8/q?
2
What are the prime factors o